07
Calculate the greatest common divisor of 403881 and 183.
183
Calculate the greatest common factor of 11608 and 54.
2
What is the highest common factor of 383702 and 489?
163
Calculate the highest common divisor of 22704 and 1584.
528
Calculate the highest common divisor of 58 and 756.
2
Calculate the greatest common factor of 4715 and 29440.
115
Calculate the highest common factor of 2464570 and 370.
370
What is the greatest common divisor of 518 and 742?
14
What is the greatest common factor of 117 and 143325?
117
What is the highest common factor of 130 and 593710?
130
What is the greatest common divisor of 397 and 50816?
397
Calculate the greatest common divisor of 6677132 and 42.
14
Calculate the greatest common divisor of 410 and 7708.
82
Calculate the highest common divisor of 31211 and 413.
59
What is the highest common divisor of 2570 and 75301?
257
Calculate the greatest common divisor of 799596 and 456.
228
What is the highest common factor of 10508 and 2272?
284
What is the greatest common divisor of 14484 and 3876?
204
What is the greatest common divisor of 302182 and 4?
2
What is the greatest common factor of 8526 and 54?
6
Calculate the highest common divisor of 653 and 14.
1
What is the greatest common divisor of 12 and 9498?
6
What is the greatest common divisor of 18286 and 82?
82
What is the greatest common factor of 4768 and 1504?
32
Calculate the highest common divisor of 45429 and 19.
19
Calculate the greatest common factor of 52197 and 548.
137
Calculate the highest common divisor of 1437483 and 38.
19
Calculate the greatest common divisor of 53 and 562807.
53
Calculate the greatest common factor of 50 and 1011550.
50
Calculate the greatest common factor of 152 and 70200.
8
What is the greatest common factor of 1114 and 34?
2
What is the greatest common factor of 13899 and 369?
123
Calculate the highest common factor of 406 and 464.
58
Calculate the greatest common divisor of 252 and 6759.
9
Calculate the greatest common divisor of 26138 and 434.
14
Calculate the highest common factor of 280 and 308630.
70
What is the greatest common factor of 1794 and 1367626?
598
Calculate the greatest common divisor of 152 and 1064.
152
Calculate the greatest common factor of 151592 and 56.
56
Calculate the highest common divisor of 181920 and 96.
96
What is the highest common factor of 3492874 and 66?
22
Calculate the highest common factor of 1375 and 43560.
55
What is the greatest common divisor of 276332 and 278?
278
Calculate the greatest common divisor of 213644 and 44.
4
What is the highest common factor of 2002 and 28756?
182
Calculate the highest common factor of 41499 and 4031.
29
What is the greatest common factor of 401908 and 364?
52
What is the greatest common divisor of 27608 and 36134?
406
Calculate the highest common factor of 44086 and 282.
94
What is the greatest common divisor of 14731786 and 218?
218
What is the highest common factor of 65802 and 4125?
33
Calculate the highest common factor of 16 and 33592.
8
What is the highest common divisor of 18 and 961794?
18
Calculate the greatest common divisor of 89 and 308029.
89
Calculate the greatest common divisor of 53 and 41711.
53
Calculate the greatest common divisor of 11581 and 45732.
37
Calculate the greatest common factor of 2516 and 48433.
629
Calculate the greatest common factor of 5213689 and 26.
13
What is the highest common factor of 8153 and 62?
31
Calculate the highest common divisor of 7872 and 5289.
123
What is the greatest common divisor of 486 and 882?
18
Calculate the highest common divisor of 89240 and 621.
23
What is the greatest common divisor of 461 and 3881159?
461
Calculate the highest common divisor of 108588 and 84.
12
What is the highest common divisor of 23050 and 144754?
922
What is the greatest common divisor of 11023249 and 1159?
1159
Calculate the highest common divisor of 134025 and 975.
75
What is the highest common divisor of 171598 and 2369?
103
Calculate the highest common factor of 630 and 12186.
18
What is the highest common divisor of 1305 and 55158?
87
What is the highest common divisor of 5 and 182327?
1
What is the highest common divisor of 2623 and 20726946?
2623
Calculate the highest common divisor of 23052 and 791.
113
Calculate the highest common divisor of 9792 and 2907.
153
What is the greatest common factor of 841 and 15341?
29
Calculate the greatest common factor of 160 and 1097.
1
Calculate the greatest common divisor of 25115 and 35.
5
Calculate the greatest common divisor of 364 and 448188.
52
What is the greatest common divisor of 715053 and 87?
87
What is the highest common divisor of 126 and 9882?
18
What is the highest common divisor of 29524 and 36300?
484
What is the greatest common divisor of 222 and 37592?
74
What is the greatest common factor of 12838 and 3406?
262
What is the highest common factor of 9549 and 209017?
1061
Calculate the greatest common divisor of 658 and 878054.
94
Calculate the greatest common divisor of 29078 and 186.
62
What is the highest common factor of 5132 and 12?
4
What is the highest common factor of 64 and 7960?
8
Calculate the highest common factor of 1152 and 324.
36
Calculate the greatest common factor of 305 and 23851.
61
What is the greatest common divisor of 77720 and 26680?
1160
Calculate the highest common divisor of 2232 and 1584.
72
Calculate the highest common divisor of 260 and 6916.
52
Calculate the highest common factor of 1748 and 32844.
92
Calculate the highest common divisor of 585932 and 428.
428
Calculate the highest common divisor of 1020 and 34374.
102
Calculate the highest common divisor of 7981 and 92.
23
Calculate the highest common divisor of 10 and 57055.
5
Calculate the greatest common factor of 64 and 15168.
64
What is the highest common factor of 90626 and 7619?
401
Calculate the greatest common divisor of 3042 and 52221.
507
Calculate the highest common factor of 21141 and 1276.
29
Calculate the greatest common factor of 1832 and 6.
2
Calculate the highest common factor of 146856 and 96.
24
Calculate the greatest common divisor of 70314 and 6.
6
What is the greatest common factor of 20280 and 1235?
65
What is the greatest common factor of 145625 and 15145?
1165
Calculate the highest common factor of 1595 and 19965.
55
What is the highest common factor of 243 and 295731?
243
What is the highest common divisor of 102391 and 95?
19
What is the highest common factor of 267 and 1704172?
89
Calculate the highest common factor of 55 and 42336415.
55
What is the highest common factor of 19180 and 113710?
1370
Calculate the greatest common factor of 3286 and 106.
106
What is the greatest common divisor of 102884 and 16?
4
Calculate the highest common factor of 162 and 307233.
81
What is the highest common factor of 110 and 214159?
11
What is the highest common factor of 878142 and 228?
114
What is the greatest common divisor of 372 and 11532?
372
Calculate the greatest common divisor of 9900 and 297.
99
What is the greatest common factor of 4444 and 264?
44
Calculate the greatest common divisor of 12498 and 168.
6
Calculate the highest common factor of 12 and 229956.
12
What is the greatest common factor of 100198 and 14?
14
Calculate the highest common divisor of 270 and 23130.
90
Calculate the greatest common factor of 1000 and 4800.
200
Calculate the greatest common factor of 98193 and 213.
213
Calculate the highest common divisor of 36 and 135684.
36
What is the greatest common divisor of 32 and 255264?
32
What is the greatest common divisor of 14310 and 667270?
530
What is the highest common factor of 410023 and 267?
89
Calculate the highest common factor of 5250853 and 586.
293
Calculate the highest common divisor of 85763 and 1112.
139
Calculate the greatest common divisor of 411 and 65075.
137
What is the greatest common divisor of 8145 and 2085?
15
What is the highest common divisor of 156 and 128964?
12
Calculate the greatest common factor of 1900 and 4150.
50
Calculate the highest common factor of 41418 and 1170.
234
Calculate the greatest common factor of 759 and 153065.
253
Calculate the greatest common factor of 1450 and 584785.
145
Calculate the highest common divisor of 624 and 597324.
156
Calculate the highest common divisor of 4914 a